What is the tens digit of m?
1
Let o = -17 + 22. Suppose -2*d - 2*p + 4 = 0, 16 = 4*d + p + o. Suppose -5*c = -0*i + 2*i - 33, 3*i = -d. What is the units digit of c?
7
Let z be (-2)/(-4) + (2 - (-9)/(-6)). Let b be z + -4 - 1/(6/(-30)). Suppose 2*n = -3*y + 580, b*y + 3*n - 4*n - 396 = 0. What is the units digit of y?
6
Let p be ((-10)/25)/(1/(-1740)). Let g = p - 169. What is the tens digit of g?
2
Let c(o) = -4*o + 64. Let l be c(5). Suppose l = k + 2*s - 49, -3*k + 284 = 5*s. What is the hundreds digit of k?
1
Let p be 25890 + -2 - (18 - 16). Suppose 0 = 47*q - 4*q - p. What is the units digit of q?
2
Let h = 209 + 1. Let u be 2 + 15/(-12) + h/8. What is the units digit of 1911/u + (-4)/(-18)?
1
Suppose -9*b + 19060 = -3944. What is the hundreds digit of b?
5
Suppose 2*y - 67389 = -s, 5*y - 87687 = -4*s + 80775. What is the tens digit of y?
9
Let o(s) = 132*s + 29. Let r = 241 - 240. What is the tens digit of o(r)?
6
Let y = 289 - 284. What is the hundreds digit of 902 - (11 - y - 10)?
9
Suppose 0 = 2*o - 10 - 2. Suppose -t - 28 = o*t. What is the tens digit of (22 - -2) + -1 + 8/t?
2
Let m = 1788 - 1500. What is the tens digit of m?
8
Let u = 613 + -617. What is the units digit of (-2 - (u + 3)) + 6?
5
Let w be 190/70 - ((-4)/7)/2. Suppose -8191 = -5*l + 6*p - 3*p, -w*l + 2*p = -4914. What is the units digit of l?
0
Suppose 7*n = 5*n - 112. Let q = n + 56. Suppose 5*h - w = -0*w + 67, q = -5*h - w + 63. What is the units digit of h?
3
Suppose -3*k - 61 = 4*z, 4*z - 21 = -2*k - 87. Let l = z - 5. What is the tens digit of (-2 - l - -2)*3?
7
Let i(v) = v**3 - 2*v**2 - 3*v - 8. Let g be i(4). Suppose 240 = -g*t + 15*t. Let z = 46 + t. What is the tens digit of z?
2
Let z = 2070 + -1219. What is the hundreds digit of z?
8
Let c(u) = 11*u**2 + 24*u - 80. What is the ten thousands digit of c(-35)?
1
Let u = -9164 - -41735. What is the units digit of u/44 + 15/(-12)?
9
What is the units digit of ((-16)/16 - 4/(16/(-28))) + 11327?
3
Let j = 514 - 1558. Let m = -690 - j. Suppose 20*c - m = 17*c. What is the tens digit of c?
1
Let p = -94 + 183. Suppose 4*c - 66 = -5*v + p, 5*c = -4*v + 124. What is the tens digit of v?
3
Suppose 1237*g + 5*l + 226105 = 1242*g, 135631 = 3*g + 5*l. What is the hundreds digit of g?
2
Suppose 307*b - 182*b - 1662320 = -644820. What is the units digit of b?
0
Suppose 3*z - 2*r + r = -1949, -5*z - 3*r = 3267. Let t = 367 + z. What is the tens digit of t/(-10)*(0 - (-10)/4)?
7
What is the tens digit of 12/(-54)*771*-30?
4
Suppose -3*m - 604 = 1682. Let k = 2043 + m. What is the hundreds digit of k?
2
Suppose 3*a - i - 122483 = 23633, 4*a = -i + 194833. What is the hundreds digit of a?
7
Let i(w) be the second derivative of -w**5/20 - 11*w**4/12 + 2*w**3/3 - 5*w**2 + 2*w - 57. What is the tens digit of i(-12)?
8
Let q = 89 - 86. Suppose -2*w - 11*v + 6*v = -711, 2*w = -q*v + 713. Suppose 5*o = 2*k - w, k - 5*o + 686 = 5*k. What is the units digit of k?
4
Suppose -b = 2*n - 2790, 1413 = -119*n + 120*n - 4*b. What is the hundreds digit of n?
3
What is the units digit of 2679 - (-2)/(-4*(-5)/70)?
6
Let r = -48 - -51. Suppose -5*v + 979 = -r*g, -4*g = -5*v - 9*g + 995. What is the hundreds digit of v?
1
Let h(i) = -4*i + 68. Let l be h(7). Suppose -2388 = -4*q - l. What is the units digit of q?
7
What is the units digit of (5/4 - -3)/((-57055)/7132 - -8)?
1
Let f(a) = -108*a**3 + 11*a**2 - 9*a - 52. What is the ten thousands digit of f(-5)?
1
Let v be (2 - 1)*3 - 91*-15. Suppose -14*g - v = -5008. What is the tens digit of g?
6
Suppose 5394*g = 5390*g + 3764. What is the tens digit of g?
4
Let t = 219 + -220. Let n(y) = -503*y + 20. What is the units digit of n(t)?
3
Suppose -7*c = -11*c + 1416. Let l = -204 + c. What is the hundreds digit of l?
1
Suppose -26*t = -27*t + 5. Suppose 2*v = -2*l + 134, -l - 2*l + t*v = -225. Suppose -l*d - 372 = -73*d. What is the units digit of d?
4
What is the thousands digit of (-38393)/(-7) - 185/259?
5
Let n(d) = d**2 + 77*d + 336. What is the units digit of n(-108)?
4
Let d = -54 - -58. What is the tens digit of d/(-6) - ((-3370)/15 - -4)?
2
Suppose -48 = -4*j + 8. Let k(n) = -n**2 + 30*n - 33. What is the tens digit of k(j)?
9
Let w be (-848)/(-2) + 0 + -5 + 2. Suppose 1496 - w = 5*a. Suppose -4*d + d + a = -h, 4*d - 288 = h. What is the units digit of d?
3
Suppose -57 = 39*m - 42*m. Suppose 4*z = -p + m + 1713, -p - 4 = 0. What is the units digit of z?
4
Let i = 28826 + 14504. What is the hundreds digit of i?
3
Let u = 492 - 708. Let j = 327 + u. What is the units digit of j?
1
Let z(u) = u**3 + u - 35. Let l be 1*((-2)/2 - 1/(-1)). Let b be z(l). What is the tens digit of (14/b - (-62)/(-20))*-6?
2
What is the hundreds digit of (-3565 + -157)*2/(-4)?
8
Suppose 0 = 27*t - 18051 + 63357. Let h = -1138 - t. What is the hundreds digit of h?
5
Let f = 150 + 324. Suppose -2*n = -3*z - 457, f = 5*n + z - 643. What is the tens digit of n?
2
Let k = 43669 - 18336. What is the hundreds digit of k?
3
Let y(w) = 69*w**2 + 3*w - 94. What is the thousands digit of y(12)?
9
Suppose 4*w = 4*a - 188, -6*a + 231 = -a - 4*w. Suppose 46*u - a*u = 789. What is the units digit of u?
3
Suppose -456*l + 457*l + 662 = 5985. What is the hundreds digit of l?
3
Let u(l) = -l**2. Let h(g) = 2*g**2 + 6*g + 66. Let s(o) = h(o) + 3*u(o). What is the tens digit of s(0)?
6
Let l(k) = k**3 + 6*k**2 - 7*k + 16. Let f be l(-7). Suppose -240 = -12*t + f*t. What is the units digit of (-5392)/t + 6/45?
0
Let i = -9870 + 18066. What is the hundreds digit of i?
1
Let a(l) = -l**2 - 18*l - 41. Let z be a(-16). Let r = z + 100. Suppose j + 6*y - r = 3*y, -y + 182 = 2*j. What is the units digit of j?
1
Suppose 80*k - 59*k = 747075. What is the units digit of k?
5
Let f(r) = -35576*r + 1369. What is the thousands digit of f(-2)?
2
Let v(t) = -21*t + 166. Let p be v(6). Suppose -222 - p = -2*s. What is the units digit of s?
1
Suppose -10 = -2*s, -1918*s + 1917*s - 29481 = -2*f. What is the tens digit of f?
4
Let u be 3 - -505 - (-11 - -5). Suppose -14*q + 5184 = -u. What is the units digit of q?
7
Let w(n) = -8*n - 44. Let b be w(-6). Suppose 4*p = r - 411, -p - 4*p - 1666 = -4*r. Suppose b*c + 59 = r. What is the tens digit of c?
9
Let i(h) = -159*h - 3695. What is the tens digit of i(-45)?
6
Let j be (1 - 1)*((-1)/(-2) + -1). Suppose -3*q = 5*v - 991, 5*q - 3*v + v - 1631 = j. What is the units digit of q?
7
Let z = 642 - 558. Let u = z + 580. What is the hundreds digit of u?
6
Suppose 117*r - 1982517 = 817293. What is the units digit of r?
0
Let s(l) = -323*l + 783. What is the units digit of s(-31)?
6
Let j(l) = 767*l**2 + 357*l - 1710. What is the tens digit of j(5)?
5
Let p(o) = 5 + 9*o**2 - 64 + 4*o**2 - 23 - 9*o. What is the tens digit of p(-8)?
2
Let v = -304 - -304. Suppose -5*g - 2*g + 5103 = v. What is the hundreds digit of g?
7
Let m(i) = -3*i**3 - 4*i**2 - 2*i + 199. Let o(s) = -s**3 - s**2 - s + 1. Let x(u) = m(u) - 2*o(u). What is the units digit of x(0)?
7
Let j(x) = -x**3 - 4*x**2 + x + 6. Let w be j(-4). Suppose 6*t = w*t + 8. Suppose 232 = t*g - 42. What is the units digit of g?
7
Let m(o) = 13*o**2 - 5*o - 12. Suppose -34*c = -29*c - 35. Let k be m(c). Suppose -464 = -4*x + 2*t + 8, 2*t - k = -5*x. What is the tens digit of x?
1
Suppose 0*i - 277236 = -38*i + 11*i. What is the hundreds digit of i?
2
Suppose -91 = 123*i - 150*i + 1448. What is the units digit of i?
7
Let d be (-112)/(-42) - 3/(-9). What is the hundreds digit of (-23)/(621/(-18)) + 1744/d?
5
Suppose -51286 = -2*p + 3*g, g + 5089 - 82051 = -3*p. What is the tens digit of p?
5
Let g(u) = 153*u - 890. What is the thousands digit of g(19)?
2
Suppose -393*h - 1219833 = -420*h. What is the hundreds digit of h?
1
Let z(q) = 3 + 9 + 6*q - 308*q**3 + 7*q**2 + 307*q**3. Let c be z(7). Suppose 4*s = 238 + c. What is the tens digit of s?
7
Suppose 0 = 12*g - 8*g - 20. Let z be ((-160)/25 + 0)/((-2)/g). Suppose -13 = -z*f + 3. What is the units digit of f?
1
Suppose 3*n = -d + 39, -2*d + 0*n = -n - 43. Let m be 8/d + (-1551)/9. What is the tens digit of (-16)/40 + m/(-5) + 3?
3
Let z be -4 - (-773 + 1) - -4. Suppose -433 = -v - 3*h, -5*v = -5*h - z - 1293. Suppose 46 = -3*b + v. What is the units digit of b?
4
Let h be 9111/30 - (-3)/10. Let v(r) = 11*r**